on divisor of 261 and 812?
29
Calculate the greatest common divisor of 336 and 42.
42
Calculate the greatest common divisor of 36 and 8.
4
Calculate the highest common factor of 387 and 108.
9
What is the highest common factor of 17 and 697?
17
What is the greatest common factor of 70 and 42?
14
Calculate the highest common divisor of 5 and 2515.
5
Calculate the greatest common factor of 120 and 680.
40
Calculate the highest common factor of 306 and 162.
18
Calculate the greatest common divisor of 95 and 665.
95
Calculate the greatest common divisor of 81 and 270.
27
What is the greatest common divisor of 9 and 9?
9
Calculate the highest common factor of 1501 and 19.
19
What is the highest common divisor of 1088 and 512?
64
What is the highest common factor of 480 and 544?
32
What is the highest common factor of 2535 and 585?
195
What is the highest common divisor of 6 and 591?
3
Calculate the greatest common divisor of 84246 and 114.
114
Calculate the greatest common divisor of 57 and 133.
19
What is the greatest common divisor of 53 and 3?
1
What is the greatest common factor of 40 and 64?
8
What is the greatest common factor of 90 and 774?
18
Calculate the highest common divisor of 146 and 2.
2
Calculate the greatest common factor of 86 and 6493.
43
What is the greatest common factor of 45 and 15?
15
What is the greatest common factor of 1568 and 12348?
196
What is the highest common divisor of 13 and 78?
13
Calculate the highest common factor of 266 and 817.
19
What is the greatest common divisor of 7238 and 616?
154
What is the highest common divisor of 310 and 30?
10
Calculate the greatest common factor of 4367 and 33.
11
What is the greatest common factor of 510 and 68?
34
What is the greatest common divisor of 155 and 620?
155
Calculate the highest common divisor of 1 and 23.
1
What is the greatest common divisor of 10 and 230?
10
What is the highest common factor of 1632 and 306?
102
What is the greatest common factor of 12 and 41604?
12
What is the highest common divisor of 638 and 58?
58
Calculate the highest common divisor of 3 and 691.
1
What is the highest common factor of 10550 and 30?
10
What is the highest common divisor of 65 and 52?
13
Calculate the greatest common divisor of 34 and 4114.
34
What is the greatest common factor of 160 and 95?
5
What is the greatest common factor of 63 and 49?
7
Calculate the greatest common factor of 2 and 184.
2
What is the highest common factor of 66 and 66?
66
Calculate the highest common divisor of 405 and 2160.
135
Calculate the highest common divisor of 147 and 3626.
49
What is the highest common divisor of 973 and 14?
7
What is the greatest common divisor of 180 and 486?
18
What is the highest common divisor of 211 and 41567?
211
What is the greatest common factor of 198 and 132?
66
Calculate the highest common factor of 1476 and 90.
18
What is the highest common factor of 24 and 129?
3
Calculate the highest common factor of 833 and 1309.
119
What is the greatest common factor of 200 and 3960?
40
Calculate the highest common divisor of 481 and 37.
37
What is the greatest common factor of 30 and 20?
10
What is the highest common factor of 964 and 32?
4
Calculate the greatest common factor of 4275 and 90.
45
Calculate the highest common divisor of 396 and 891.
99
Calculate the greatest common factor of 11706 and 24.
6
Calculate the greatest common divisor of 1378 and 52.
26
What is the greatest common divisor of 98 and 539?
49
What is the greatest common divisor of 22 and 4246?
22
What is the greatest common divisor of 75 and 27?
3
Calculate the highest common divisor of 95 and 304.
19
What is the highest common divisor of 10400 and 50?
50
What is the highest common divisor of 61 and 1525?
61
Calculate the greatest common factor of 3179 and 121.
11
What is the greatest common divisor of 17 and 1530?
17
Calculate the greatest common divisor of 84 and 31332.
84
What is the highest common divisor of 195 and 60?
15
What is the greatest common factor of 31875 and 125?
125
What is the highest common factor of 350 and 50?
50
What is the greatest common factor of 210 and 90?
30
What is the highest common divisor of 33 and 671?
11
Calculate the greatest common divisor of 15219 and 285.
57
What is the greatest common divisor of 25 and 155?
5
Calculate the greatest common factor of 73 and 20.
1
Calculate the greatest common factor of 1272 and 192.
24
What is the highest common factor of 72 and 22536?
72
What is the greatest common factor of 5149 and 19?
19
Calculate the greatest common factor of 29 and 1566.
29
What is the greatest common factor of 105 and 6895?
35
Calculate the greatest common factor of 9 and 639.
9
What is the greatest common factor of 943 and 123?
41
What is the greatest common factor of 280 and 1890?
70
Calculate the highest common divisor of 26 and 50609.
13
Calculate the greatest common divisor of 5207 and 164.
41
What is the greatest common divisor of 16 and 1216?
16
Calculate the greatest common factor of 66 and 1408.
22
What is the greatest common factor of 1417 and 109?
109
Calculate the highest common factor of 520 and 32.
8
What is the greatest common factor of 779 and 205?
41
What is the greatest common divisor of 3012 and 60?
12
Calculate the greatest common factor of 40 and 140.
20
Calculate the greatest common factor of 3 and 1033.
1
Calculate the highest common factor of 100 and 20.
20
What is the highest common divisor of 5635 and 70?
35
What is the greatest common divisor of 207 and 1380?
69
Calculate the highest common divisor of 114682 and 17.
17
What is the highest common divisor of 66 and 246?
6
Calculate the highest common divisor of 481 and 925.
37
Calculate the highest common divisor of 357 and 6.
3
What is the highest common divisor of 475 and 275?
25
What is the highest common factor of 71386 and 14?
14
What is the greatest common factor of 24 and 488?
8
Calculate the greatest common factor of 27 and 2952.
9
Calculate the highest common divisor of 47 and 8930.
47
Calculate the highest common divisor of 319 and 29.
29
Calculate the highest common factor of 295 and 118.
59
Calculate the greatest common divisor of 832 and 13.
13
What is the highest common divisor of 37722 and 6?
6
What is the greatest common factor of 30 and 440?
10
Calculate the highest common divisor of 130 and 320.
10
Calculate the greatest common divisor of 5776 and 32.
16
What is the highest common factor of 264 and 24?
24
Calculate the highest common factor of 266 and 1792.
14
Calculate the greatest common factor of 81 and 1296.
81
Calculate the greatest common divisor of 3892 and 12.
4
What is the greatest common factor of 2664 and 1152?
72
What is the greatest common divisor of 1694 and 84?
14
Calculate the greatest common factor of 104 and 16.
8
What is the highest common divisor of 35 and 63?
7
Calculate the highest common factor of 2197 and 13.
13
Calculate the greatest common divisor of 2 and 1346.
2
Calculate the greatest common factor of 275 and 300.
25
What is the greatest common divisor of 2590 and 10?
10
Calculate the greatest common divisor of 54 and 54.
54
Calculate the greatest common divisor of 399 and 5301.
57
What is the greatest common divisor of 358 and 32?
2
Calculate the greatest common factor of 81 and 2187.
81
Calculate the highest common divisor of 140 and 2268.
28
Calculate the greatest common factor of 24 and 128.
8
Calculate the highest common divisor of 7742 and 140.
14
What is the greatest common divisor of 8 and 508?
4
Calculate the highest common factor of 54 and 54.
54
What is the highest common factor of 64 and 3584?
64
What is the highest common factor of 235 and 188?
47
What is the greatest common factor of 375 and 285?
15
Calculate the highest common divisor of 180 and 64980.
180
Calculate the highest common divisor of 2583 and 9.
9
Calculate the highest common factor of 648 and 48.
24
Calculate the highest common factor of 132 and 25872.
132
Calculate the greatest common divisor of 45 and 465.
15
What is the highest common divisor of 16 and 4240?
16
Calculate the greatest common divisor of 5958 and 18.
18
Calculate the highest common divisor of 387 and 3225.
129
What is the greatest common divisor of 350 and 14?
14
Calculate the highest common 